(-24 - 2).
21
What is -11 - ((-23 - -15) + 19)?
-22
What is the value of (-6 - (-6 + 13)) + -39 + 38?
-14
What is the value of 31 + -1 - (-80 + 97 + -5)?
18
What is the value of -3 + 10 - 14 - (-14 - 3)?
10
-110 + 101 + -13 + 2 + -1 + 3
-18
Calculate 1 - (0 - (6 + -8)) - (2 - 20).
17
Evaluate 1 - -1 - ((-23 - (-10 + 2)) + -4).
21
What is the value of 1 + -6 + 1 + 14 + -5?
5
29 + (-22 - -3 - (-26 + 11))
25
Evaluate 1 + (-13 - -10 - (-3 - (10 - 0))).
11
Calculate (2 - 2) + (-1 - -5) + 243 + -247.
0
What is 7 + (-72 - -59) + -1 + 34?
27
-44 + 5 + 24 + 19
4
Evaluate 2 + (-7 - 0 - (10 + -15 + 0)).
0
What is the value of (-11 - 0) + -1 + -3 + (89 - 84)?
-10
What is the value of -1 - 0 - (-29 + 3 + 34)?
-9
What is the value of 20 + 0 + -37 + 11?
-6
What is 26 - (48 + -20 + -15)?
13
Calculate -252 + 262 + -4 + 1 - 8.
-1
What is 118 + -120 + (1 - -1 - 11) - 9?
-20
Calculate 39 + -6 + 4 + -24.
13
(-2 - (17 - 27)) + (5 + 0 - 2)
11
(-17 - -1) + (35 - 5)
14
Evaluate -4 + 15 + 14 + 12 + -12.
25
Evaluate 20 - 11 - 2 - (19 + 2).
-14
What is the value of (9 + -12 + -15 - -1) + 11?
-6
Evaluate (5 + 6 - 5) + 10 - 9.
7
Calculate -4 + (-10 - -9 - (-9 - -3)).
1
26 + (5 - 8) + -18 + 11
16
Calculate 4 + 0 + (10 - 13 - 6).
-5
Evaluate 11 - (14 + 4) - 6 - 4.
-17
Evaluate -4 + -3 + 8 + 8 + -11 + -2.
-4
-4 - (-1 + -11 + -1 + -1)
10
21 + (12 - (35 - 13))
11
What is -2 + (-11 - (-4 + (5 - 0))) - -4?
-10
(0 - 3 - 11) + 10
-4
What is 15 + -6 - 15 - -4 - -1?
-1
3 + (-43 - (-12 + 2 - -5)) + 10
-25
(6 - 4) + (-8 - -12)
6
Calculate 20 - (65 - (48 - 19)).
-16
What is 20 + -15 + (1 - 4)?
2
What is (-31 + 57 - 27) + (2 - 9)?
-8
What is the value of (-15 - -5) + 13 - (1 + 0) - 11?
-9
Calculate 6 + 59 + -49 + (-8 - 1).
7
Calculate -4 - (8 + 4 + -22).
6
What is the value of 5 - (-43 + 46 + 6 + (0 - 0))?
-4
Evaluate (-1 - 74) + (-1391 - -1428).
-38
What is (5 - 5 - -11) + -11 - (-1 + -33)?
34
What is the value of (26 - 17 - (-1 + -3)) + (2 - 7)?
8
Evaluate (7 - (11 - (-5 - -7))) + -1 + 0.
-3
Calculate -27 - (-23 - 23 - -36).
-17
19 + -15 + 17 + 5
26
5 - (6 + -7 - 4 - -5)
5
What is (1 - 9) + (25 - (-10 + 43))?
-16
Evaluate 2 - (-2 + 8 + 3 + -3 - 3).
-1
What is the value of -8 + (28 - (6 - -1))?
13
Evaluate 7 + (-18 - 4) + 5 + 8 + 10.
8
(-82 - (-30 + -33)) + (49 - -2)
32
Evaluate (-14 - (5 + -15)) + -4.
-8
0 + 1 - ((56 - 75) + 32)
-12
What is (3 + -14 + 8 - 15) + 8?
-10
What is the value of 16 + -12 + -24 + 15?
-5
Evaluate (-2 - -2 - -2 - 2) + (87 - 94).
-7
What is the value of (-52 - -31) + 42 + (2 - 1)?
22
Evaluate 9 + (-9 - 40) + 11.
-29
What is -36 + 30 + (9 - 7)?
-4
What is 1 + 20 - (7 - (34 - 37))?
11
Evaluate -8 + 13 - -3 - 9 - 17.
-18
-24 + 2 + 2 + -51 + 62
-9
What is the value of 4 + (-7 - 1 - (2 - (3 + -24)))?
-27
What is the value of 45 - 6 - (-190 - -251)?
-22
Evaluate (-11 - (5 - 5)) + (-7 + -8 - -8).
-18
Calculate (1 - 10) + (2 + -4 - 0 - -1).
-10
What is the value of 319 - 339 - ((-2 - -1) + (-2 - -5))?
-22
Evaluate -1 + 5 + (1 - 0) - 3 - -5.
7
(16 - 28) + 6 + (2 - 2 - 2)
-8
What is -15 - (0 - 3) - (-14 - -12) - 0?
-10
What is 19 - (5 - (2 + -5 + (-2 - -2)))?
11
Evaluate -4 - (6 - 0) - -4 - 0.
-6
Calculate -14 + 8 + 4 + -5 + -3.
-10
Calculate (6 - (-3 + 1 + 2)) + 0 + -2.
4
Calculate -5 - (-9 + 20 - (-3 + 3 - 1)).
-17
Calculate -2 - (-17 - -2 - (29 + -37)) - 23.
-18
Evaluate -4 + -4 + 5 - (-1 + 8 + -13).
3
Evaluate (-18 - -27) + 11 + -20.
0
Evaluate 16 + (3 - 35) + 11.
-5
Calculate -6 - (-42 + 27 - -4).
5
Calculate (46 - 52) + (20 - -1).
15
What is (-1 + 7 - (-5 - -14)) + 17?
14
What is the value of -17 + -5 + 8 + (26 - 20)?
-8
6 + -8 + (17 - 7) + (2 - 0)
10
Evaluate (-109 - -109) + (1 - (0 - -2 - 13)).
12
What is the value of -1 + 11 + 8 + 5 + -18?
5
Evaluate 18 + (-1 - 1 - (75 - 84)).
25
Evaluate -8 + 44 - 42 - 4.
-10
Evaluate -16 + (1 - ((0 - -8 - 12) + 1)).
-12
What is -2 + (24 - 22) + 6 + -3?
3
Calculate (-7 + 17 + 4 - (1 - -11)) + -38.
-36
20 - (9 + (-6 - -3) + (-2 - -4))
12
What is -7 + (14 + -2 - (-22 - -9))?
18
What is the value of 1 - (13 + -20 + 0)?
8
What is -1 - (9 + -2 - (29 + -17 + -12))?
-8
What is -45 - -44 - (0 - -7) - 2?
-10
Calculate -4 + 28 + (25 + -41 - (-9 - 1)).
18
-7 + 26 + -8 + 1 + -2
10
Evaluate (1 - (10 + -7)) + 0.
-2
0 + -1 + -10 - (-8 - -8)
-11
-14 + 2 + 0 - (-6 + 10 + -8)
-8
What is -94 - -99 - (2 + 1)?
2
-19 - -3 - (-273 + 244)
13
Evaluate 20 + (-5 - 2) + 7 + -4 + -8.
8
-4 - (12 + -6 + 8 + -11)
-7
What is (-287 - -282) + (14 - 0)?
9
Calculate 24 + (-14 - 15) + (0 - -26).
21
3 + -6 + -4 + 3 + 3
-1
-6 + 31 + -20 + -20
-15
What is the value of (-4 + -4 - -11) + -2 + -7?
-6
Calculate (-44 - -19) + 9 + 5 - -26.
15
What is the value of -27 + (-594 + 591 - (-17 + -1))?
-12
Evaluate -1 + 2 + -7 + (-9 - -16).
1
What is (-12 + 40 - 15) + -2?
11
Evaluate (-87 - -98) + (4 - (1 - 2)).
16
What is the value of 17 + (-14 - 10) + 1 + -19?
-25
-94 + 101 - (14 - -17)
-24
What is the value of -37 + (8 - 14) - (-6 - (1 + 2))?
-34
Calculate -54 - ((-19 - -10) + -26).
-19
2 + (-19 - -44 - 18) - -8
17
Evaluate 8 + 0 + -8 - 1 - -1.
0
Calculate (-249 - -259) + 4 + -1 + 1.
14
What is (25 - 12) + (-1 + -3 - 14)?
-5
Evaluate (25 - 76) + 7 + 30.
-14
Evaluate 9 - (43 - 21) - -18.
5
What is the value of 22 - (27 + 26 + -17)?
-14
What is the value of -1 - (1 + 0 - (0 - (-14 + 8)))?
4
What is the value of 6 - (13 + 0 + 9 + -13)?
-3
Calculate 51 - (-6 + 11 + 25).
21
8 - 3 - 1 - (32 - 18)
-10
What is the value of -3 - (7 + 1 + (-110 - -102))?
-3
Calculate 1 + 6 - (-46 - (-73 - -31)).
11
-1 + (14 - 4) - (-6 + 3 - -6)
6
Evaluate -104 + 91 - (-22 + 1).
8
What is the value of (-46 + 47 - (-34 + 3)) + 8?
40
Evaluate -1 + -1 + (-57 - -46) + -15.
-28
What is 1 + (0 + -4 - -2) + 6?
5
What is the value of -9 - (31 - 42 - (-1 + -9))?
-8
Evaluate -25 - -21 - (-2 + 6 - (2 - 5)).
-11
Evaluate 2 + -13 + (16 - (-2 + 15)).
-8
What is the value of 11 - (-16 + 16 + 7)?
4
-10 + -24 + 0 + 23
-11
Calculate -1 - 5 - (24 + (3 - 33)).
0
Calculate -21 + (24 - -9) + (-21 - 0).
-9
Calculate (3 - -2) + (-10 - -45 - -10) + -11.
39
Calculate 5 + (9 + -23 - -6) + -1.
-4
Evaluate (-4 - 11 - -1) + 14.
0
6 + (0 - (8 - 9))
7
What is the value of -6 + (-1 - (1 - (5 + 1))) - 2?
-4
25 - 32 - 0 - 8
-15
What is 31 + -31 + (16 - 21)?
-5
Calculate -24 + 8 + 44 + -44.
-16
What is (-1 - 10 - (-36 + 23)) + -7?
-5
Calculate -60 + 56 - ((-3 - -3) + 3 + -2).
-5
What is -12 + (-10 - -14 - -4)?
-4
Evaluate -9 + (-29 - -40 - (24 - 0)).
-22
Calculate 21 - 9 - (-1 + 0 + 3 + -2).
12
(21 - 12) + -10 - (7 + (-8 - 3))
3
1 + -1 - (11 + -10 + 9)
-10
What is (17 - -1) + 2 + -3 + 9 + -5?
21
11 + -9 - (-3 + (-3 - -5))
3
Evaluate 0 + (-8 - -5) + 11 - (29 - 3).
-18
Evaluate 2 + 26 - (2 + -24 - -30).
20
What is 14 + 0 - (92 + -56)?
-22
What is the value of 11 - (-6 - (-8 - (-11 + (4 - -2))))?
14
(-7 + 10 - 11) + (11 - (0 - -4))
-1
What is 6 - ((4 - 2 - 1) + (5 - -1))?
-1
What is -21 + (16 - 12) - -40 - (1 - -4)?
18
7 + -4 + (16 - (9 + -3))
13
What is the value of (-1 - -9) + (-56 - -70)?
22
What is 11 + (-6 - ((6 - 3) + -4 + 0))?
6
What is -5 + -1 - (-26 + (0 - -1))?
19
-9 + -204 + 214 + -18 + -1 + 0
-18
What is the value of (-5 - 0 - (148 - 160)) + -8 + 0?
-1
3 + -1 + 2 + 102 + -91
15
What is the value of (16 - -4) + (-15 - (-27 - -6))?
26
(0 - 11) + 888 + -877
0
What is the value of -21 + 10 + 14 + -15?
-12
Calculate 6 - (15 - (-8 + 21 + -6)) - -8.
6
What is 14 - 4 - (0 + 3 + -3)?
10
(12 - (-1 - -7)) + -2 + 5
9
Calculate -10 + 6 + (-5 - (9 + -14)).
-4
Evaluate 16 + 11 + (3 - 39).
-9
What is the value of -17 + 11 + -18 + 15 - 19?
-28
What is (1856 - 1861) + (-1 - -29 - 2 - -1)?
22
What is -21 - (-26 + 7 + 1)?
-3
Evaluate -10 + -2 + (-16 - -25) - -3.
0
What is (-3 - -1) + (-92 - -93) + 1 + -10?
-10
Evaluate -11 - ((-7 - 0) + -1 + -5 + 11).
-9
What is the value of 15 + -13 - (3 - (4 - 2))?
1
-7 + ((42 - 95) + 41 - (-21 - -1))
1
What is the value of -3 + 4 - ((23 + -7 - 14) + 5)?
-6
(0 - (-16 + 11)) + -4 + -1
0
What is -1 + -10 + -49 + 53?
-7
Calculate 9 + 14 + 11 + -27.
7
What is the value of -115 + 100 - (-2 + -7)?
-6
24 - (5 + -15 - (-24 - -11))
21
-20 - -24 - (-1 + (0 - -10))
-5
What is the value of 13 - (2 + 9 + -16)?
18
What is (16 - 42) + 51 + -1 + -6?
18
What is 16 - (9 + (9 - 3))?
1
63 + -31 + -31 - (0 + 4 - 1)
-2
-30 + 31 - 21 -